e factors of 2823167.
2823167
List the prime factors of 1380731.
11, 11411
List the prime factors of 5789940.
2, 3, 5, 13, 571
What are the prime factors of 2322670?
2, 5, 7, 33181
List the prime factors of 594454.
2, 7, 42461
What are the prime factors of 3594168?
2, 3, 49919
List the prime factors of 6214579.
7, 227, 3911
List the prime factors of 97866.
2, 3, 5437
List the prime factors of 272452.
2, 68113
What are the prime factors of 162836?
2, 40709
List the prime factors of 1384336.
2, 31, 2791
What are the prime factors of 4491859?
17, 131, 2017
List the prime factors of 4508715.
3, 5, 300581
What are the prime factors of 91525?
5, 7, 523
List the prime factors of 12405779.
12405779
What are the prime factors of 128184?
2, 3, 7, 109
What are the prime factors of 66481?
19, 3499
What are the prime factors of 1259073?
3, 19, 37, 199
What are the prime factors of 6647603?
359, 18517
What are the prime factors of 4597632?
2, 3, 13, 307
What are the prime factors of 2686481?
7, 223, 1721
List the prime factors of 6480289.
6480289
List the prime factors of 1175187.
3, 13, 30133
What are the prime factors of 1489975?
5, 107, 557
List the prime factors of 237473.
17, 61, 229
What are the prime factors of 8056654?
2, 71, 56737
What are the prime factors of 500316?
2, 3, 173, 241
List the prime factors of 15574775.
5, 19, 32789
What are the prime factors of 1019911?
227, 4493
What are the prime factors of 216532?
2, 54133
What are the prime factors of 105480?
2, 3, 5, 293
List the prime factors of 8291721.
3, 1297, 2131
List the prime factors of 279074.
2, 139537
What are the prime factors of 209577?
3, 69859
List the prime factors of 119920.
2, 5, 1499
List the prime factors of 5844629.
7, 834947
List the prime factors of 168046.
2, 73, 1151
List the prime factors of 1401466.
2, 11, 63703
What are the prime factors of 1333553?
13, 19, 5399
What are the prime factors of 2780217?
3, 11, 23, 37
List the prime factors of 7127547.
3, 7, 191, 1777
List the prime factors of 974007.
3, 108223
What are the prime factors of 262046?
2, 131023
What are the prime factors of 583941?
3, 194647
What are the prime factors of 3825134?
2, 37, 51691
What are the prime factors of 56057?
29, 1933
List the prime factors of 825604.
2, 13, 15877
What are the prime factors of 2892634?
2, 29, 53, 941
List the prime factors of 1980143.
11, 17, 10589
List the prime factors of 1314227.
367, 3581
What are the prime factors of 13597230?
2, 3, 5, 29, 15629
List the prime factors of 833339.
13, 4931
List the prime factors of 17634551.
11, 41, 61, 641
What are the prime factors of 5395975?
5, 13, 16603
What are the prime factors of 1082600?
2, 5, 5413
List the prime factors of 245774.
2, 122887
List the prime factors of 16873296.
2, 3, 11, 31957
List the prime factors of 703003.
7, 14347
List the prime factors of 22477961.
11, 17, 71, 1693
List the prime factors of 5607294.
2, 3, 7, 11, 53, 229
List the prime factors of 59093.
59093
List the prime factors of 4158436.
2, 89, 11681
List the prime factors of 151948.
2, 37987
List the prime factors of 3525360.
2, 3, 5, 37, 397
What are the prime factors of 2938771?
11, 433, 617
What are the prime factors of 248801?
7, 35543
List the prime factors of 4991469.
3, 7, 237689
What are the prime factors of 569039?
41, 13879
What are the prime factors of 25730124?
2, 3, 7, 31, 41, 241
What are the prime factors of 875381?
13, 17, 233
What are the prime factors of 219712?
2, 3433
List the prime factors of 15285.
3, 5, 1019
List the prime factors of 11070179.
17, 19, 34273
What are the prime factors of 2850684?
2, 3, 19, 12503
What are the prime factors of 7484332?
2, 1871083
What are the prime factors of 1856984?
2, 19, 643
List the prime factors of 50787.
3, 11, 19
List the prime factors of 6841308.
2, 3, 570109
What are the prime factors of 26978?
2, 7, 41, 47
What are the prime factors of 666?
2, 3, 37
What are the prime factors of 1517795?
5, 107, 2837
What are the prime factors of 28588301?
7, 1669, 2447
What are the prime factors of 174529?
37, 53, 89
What are the prime factors of 9789828?
2, 3, 815819
What are the prime factors of 4632777?
3, 43, 11971
What are the prime factors of 138039?
3, 11, 47, 89
What are the prime factors of 1131318?
2, 3, 62851
List the prime factors of 9774080.
2, 5, 23, 83
List the prime factors of 430254.
2, 3, 11, 41, 53
What are the prime factors of 183140?
2, 5, 9157
List the prime factors of 9644044.
2, 2411011
List the prime factors of 90093.
3, 59, 509
What are the prime factors of 6319576?
2, 41, 19267
List the prime factors of 1029551.
41, 25111
What are the prime factors of 120514?
2, 60257
What are the prime factors of 4571474?
2, 83, 27539
What are the prime factors of 239057?
7, 13, 37, 71
What are the prime factors of 2683664?
2, 167729
List the prime factors of 4200610.
2, 5, 37, 11353
What are the prime factors of 18545196?
2, 3, 1545433
List the prime factors of 898489.
461, 1949
What are the prime factors of 156703?
156703
What are the prime factors of 4741637?
313, 15149
What are the prime factors of 643365?
3, 5, 17, 29
What are the prime factors of 13459384?
2, 1682423
List the prime factors of 515630.
2, 5, 51563
List the prime factors of 2540729.
31, 41, 1999
What are the prime factors of 9308929?
7, 1329847
List the prime factors of 3656436.
2, 3, 7, 19, 29, 79
List the prime factors of 5639655.
3, 5, 7, 7673
List the prime factors of 211628.
2, 191, 277
What are the prime factors of 5524985?
5, 53, 20849
What are the prime factors of 2825741?
2825741
List the prime factors of 170137.
11, 15467
What are the prime factors of 6816760?
2, 5, 193, 883
List the prime factors of 1234306.
2, 617153
What are the prime factors of 197031?
3, 65677
List the prime factors of 2297565.
3, 5, 31, 61
List the prime factors of 3478257.
3, 163, 2371
What are the prime factors of 7931507?
7931507
List the prime factors of 1318509.
3, 43, 3407
What are the prime factors of 146385?
3, 5, 3253
What are the prime factors of 7399130?
2, 5, 503, 1471
List the prime factors of 12655273.
19, 666067
What are the prime factors of 44090903?
457, 96479
What are the prime factors of 9653?
7, 197
What are the prime factors of 3834379?
271, 14149
List the prime factors of 611889.
3, 59, 3457
List the prime factors of 53693.
53693
List the prime factors of 1675373.
7, 137, 1747
List the prime factors of 256585.
5, 7, 7331
What are the prime factors of 252183?
3, 84061
List the prime factors of 1077223.
7, 153889
What are the prime factors of 160673?
31, 71, 73
What are the prime factors of 5442?
2, 3, 907
List the prime factors of 2391464.
2, 31, 9643
What are the prime factors of 2266078?
2, 1133039
What are the prime factors of 2817356?
2, 41, 419
List the prime factors of 15763740.
2, 3, 5, 23, 11423
What are the prime factors of 908104?
2, 113513
What are the prime factors of 6290983?
23, 273521
List the prime factors of 3824923.
23, 166301
What are the prime factors of 29097585?
3, 5, 11, 29, 2027
List the prime factors of 12917630.
2, 5, 11, 43, 2731
What are the prime factors of 1619224?
2, 202403
List the prime factors of 6179268.
2, 3, 514939
What are the prime factors of 226688?
2, 7, 11, 23
What are the prime factors of 5101543?
751, 6793
What are the prime factors of 295143?
3, 131, 751
What are the prime factors of 561977?
13, 139, 311
What are the prime factors of 4727502?
2, 3, 13, 89, 227
What are the prime factors of 3380401?
3380401
What are the prime factors of 130879?
7, 2671
What are the prime factors of 5574563?
43, 129641
List the prime factors of 1933893.
3, 13, 16529
List the prime factors of 21084947.
13, 17, 41, 179
List the prime factors of 734844.
2, 3, 11, 19, 293
List the prime factors of 195722.
2, 97861
List the prime factors of 4561523.
4561523
List the prime factors of 3371725.
5, 7, 19267
What are the prime factors of 18858?
2, 3, 7, 449
What are the prime factors of 384185?
5, 76837
List the prime factors of 305443.
31, 59, 167
List the prime factors of 1967396.
2, 149, 3301
List the prime factors of 157900.
2, 5, 1579
List the prime factors of 790976.
2, 17, 727
What are the prime factors of 46017?
3, 5113
List the prime factors of 77215.
5, 15443
What are the prime factors 